{"id":65,"date":"2010-04-06T20:05:47","date_gmt":"2010-04-06T20:05:47","guid":{"rendered":"http:\/\/mistanetwork.fr\/w\/?page_id=65"},"modified":"2018-02-28T15:08:43","modified_gmt":"2018-02-28T15:08:43","slug":"references","status":"publish","type":"page","link":"https:\/\/mistanetwork.fr\/w\/references\/","title":{"rendered":"R\u00e9f\u00e9rences"},"content":{"rendered":"<p><a href=\"http:\/\/mistanetwork.fr\/w\/wp-content\/uploads\/2010\/04\/d3groupe_d3groupe_lr.jpg\"><img loading=\"lazy\" decoding=\"async\" class=\"alignnone size-full wp-image-102\" title=\"d3groupe_d3groupe_lr\" src=\"http:\/\/mistanetwork.fr\/w\/wp-content\/uploads\/2010\/04\/d3groupe_d3groupe_lr.jpg\" alt=\"\" width=\"286\" height=\"94\" \/><\/a><\/p>\n<p><a title=\"d3 groupe, savoir faire &amp; innovation\" href=\"http:\/\/d3groupe.fr\" target=\"_blank\">d3 groupe &#8211; maquettes &amp; prototypes<\/a><\/p>\n<p><a href=\"http:\/\/mistanetwork.fr\/w\/wp-content\/uploads\/2010\/04\/logo_2016_125x105px.jpg\"><img loading=\"lazy\" decoding=\"async\" class=\"size-full wp-image-114\" title=\"logo_lilylatifi\" src=\"http:\/\/mistanetwork.fr\/w\/wp-content\/uploads\/2010\/04\/logo_2016_125x105px.jpg\" alt=\"\" width=\"125\" height=\"105\" \/><\/a><\/p>\n<p><a title=\"lilylatifi - rendre visible l'invisible\" href=\"http:\/\/lilylatifi.com\/\" target=\"_blank\">lilylatifi &#8211; rendre visible l&rsquo;invisible<\/a><\/p>\n<p><img loading=\"lazy\" decoding=\"async\" class=\"\" title=\"ipemed\" src=\"http:\/\/mistanetwork.fr\/w\/wp-content\/uploads\/2010\/04\/ipemed-300x128.jpg\" alt=\"ipemed\" width=\"223\" height=\"95\" \/><\/p>\n<p><a href=\"http:\/\/www.ipemed.coop\" target=\"_blank\">IPEMED &#8211; Institut de Prospective Economique du monde M\u00e9diterran\u00e9en<\/a><\/p>\n<p><img loading=\"lazy\" decoding=\"async\" title=\"avou\u00e9s\" src=\"http:\/\/mistanetwork.fr\/w\/wp-content\/uploads\/2010\/04\/avoues-300x43.gif\" alt=\"avou\u00e9s\" width=\"300\" height=\"43\" \/><\/p>\n<p><a href=\"http:\/\/www.chambre-nationale.avoues.fr\/02_organisation\/02-2-1-1_fiche-compagnie.php?ID_CO=20\" target=\"_blank\">Avou\u00e9s pr\u00e8s la Cour d&rsquo;Appel de Paris<\/a><\/p>\n<p><a href=\"http:\/\/mistanetwork.fr\/w\/wp-content\/uploads\/2010\/04\/movance.jpg\"><img loading=\"lazy\" decoding=\"async\" class=\"alignnone  wp-image-103\" title=\"movance\" src=\"http:\/\/mistanetwork.fr\/w\/wp-content\/uploads\/2010\/04\/movance.jpg\" alt=\"\" width=\"195\" height=\"75\" \/><\/a><\/p>\n<p><a title=\"Movance \" href=\"http:\/\/movance.fr\" target=\"_blank\">Movance &#8211; st\u00e9t\u00e9otypage et impression 3D<\/a><\/p>\n<p><img loading=\"lazy\" decoding=\"async\" title=\"areks\" src=\"http:\/\/mistanetwork.fr\/w\/wp-content\/uploads\/2010\/04\/areks.gif\" alt=\"areks\" width=\"126\" height=\"83\" \/><\/p>\n<p><a href=\"http:\/\/www.areks.com\" target=\"_blank\">Areks e-learning<\/a><\/p>\n","protected":false},"excerpt":{"rendered":"<p>d3 groupe &#8211; maquettes &amp; prototypes lilylatifi &#8211; rendre visible l&rsquo;invisible IPEMED &#8211; Institut de Prospective Economique du monde M\u00e9diterran\u00e9en Avou\u00e9s pr\u00e8s la Cour d&rsquo;Appel de Paris Movance &#8211; st\u00e9t\u00e9otypage et impression 3D Areks e-learning<\/p>\n","protected":false},"author":2,"featured_media":0,"parent":0,"menu_order":0,"comment_status":"closed","ping_status":"open","template":"","meta":{"neve_meta_sidebar":"","neve_meta_container":"","neve_meta_enable_content_width":"","neve_meta_content_width":0,"neve_meta_title_alignment":"","neve_meta_author_avatar":"","neve_post_elements_order":"","neve_meta_disable_header":"","neve_meta_disable_footer":"","neve_meta_disable_title":"","footnotes":""},"class_list":["post-65","page","type-page","status-publish","hentry"],"jetpack_sharing_enabled":true,"_links":{"self":[{"href":"https:\/\/mistanetwork.fr\/w\/wp-json\/wp\/v2\/pages\/65","targetHints":{"allow":["GET"]}}],"collection":[{"href":"https:\/\/mistanetwork.fr\/w\/wp-json\/wp\/v2\/pages"}],"about":[{"href":"https:\/\/mistanetwork.fr\/w\/wp-json\/wp\/v2\/types\/page"}],"author":[{"embeddable":true,"href":"https:\/\/mistanetwork.fr\/w\/wp-json\/wp\/v2\/users\/2"}],"replies":[{"embeddable":true,"href":"https:\/\/mistanetwork.fr\/w\/wp-json\/wp\/v2\/comments?post=65"}],"version-history":[{"count":17,"href":"https:\/\/mistanetwork.fr\/w\/wp-json\/wp\/v2\/pages\/65\/revisions"}],"predecessor-version":[{"id":124,"href":"https:\/\/mistanetwork.fr\/w\/wp-json\/wp\/v2\/pages\/65\/revisions\/124"}],"wp:attachment":[{"href":"https:\/\/mistanetwork.fr\/w\/wp-json\/wp\/v2\/media?parent=65"}],"curies":[{"name":"wp","href":"https:\/\/api.w.org\/{rel}","templated":true}]}}