{"id":17,"date":"2010-04-03T22:53:47","date_gmt":"2010-04-03T22:53:47","guid":{"rendered":"http:\/\/mistanetwork.fr\/w\/?page_id=17"},"modified":"2016-10-01T02:53:05","modified_gmt":"2016-10-01T02:53:05","slug":"mistanetwork-2","status":"publish","type":"page","link":"https:\/\/mistanetwork.fr\/w\/","title":{"rendered":"Mistanetwork"},"content":{"rendered":"<ul>\n<li>MistaNetwork\u00a0c\u2019est \u00ab\u00a0Mister Network\u00a0\u00bb, sp\u00e9cialiste en Micro-Informatique et R\u00e9seaux. Nos collaborateurs sont des sp\u00e9cialistes dipl\u00f4m\u00e9s qui ont plus de 20 ans d\u2019exp\u00e9rience en micro-informatique.<br \/>\nMistaNetwork privil\u00e9gie pour vous :<\/p>\n<p>&#8211; Disponibilit\u00e9<br \/>\n&#8211; Comp\u00e9tence<br \/>\n&#8211; Dialogue<br \/>\n&#8211; Simplicit\u00e9 d\u2019utilisation<br \/>\n&#8211; Qualit\u00e9 de service.<\/li>\n<\/ul>\n<ul>\n<li>MistaNetwork\u00a0est une SARL francilienne offrant ses services informatiques personnalis\u00e9s aux PME, TPE, associations et particuliers :<br \/>\n&#8211; Maintenance mat\u00e9riel et support logiciel<br \/>\n&#8211; Administration et optimisation syst\u00e8me Windows et Linux<br \/>\n&#8211; Gestion de parc (serveurs et postes de travail)<br \/>\n&#8211; Conception, administration et s\u00e9curisation de r\u00e9seaux locaux<br \/>\n&#8211; Sauvegarde et restauration de donn\u00e9es<br \/>\n&#8211; Connectivit\u00e9 internet<br \/>\n&#8211; Gestion de noms de domaines (.fr .com .net .org ..)<br \/>\n&#8211; Syst\u00e8mes de messagerie (IMAP, GoogleApps, Hosted Exchange..)<br \/>\n&#8211; D\u00e9veloppement et int\u00e9gration web<\/li>\n<\/ul>\n<p><a href=\"http:\/\/mistanetwork.fr\/w\/tarifs\/\" target=\"_self\">tarifs<\/a> |\u00a0<a href=\"http:\/\/mistanetwork.fr\/w\/contact\/\" target=\"_self\">contact<\/a><\/p>\n","protected":false},"excerpt":{"rendered":"<p>MistaNetwork\u00a0c\u2019est \u00ab\u00a0Mister Network\u00a0\u00bb, sp\u00e9cialiste en Micro-Informatique et R\u00e9seaux. Nos collaborateurs sont des sp\u00e9cialistes dipl\u00f4m\u00e9s qui ont plus de 20 ans d\u2019exp\u00e9rience en micro-informatique. MistaNetwork privil\u00e9gie pour vous : &#8211; Disponibilit\u00e9 &#8211; Comp\u00e9tence &#8211; Dialogue &#8211; Simplicit\u00e9 d\u2019utilisation &#8211; Qualit\u00e9 de service. MistaNetwork\u00a0est une SARL francilienne offrant ses services informatiques personnalis\u00e9s aux PME, TPE, associations et&hellip;&nbsp;<a href=\"https:\/\/mistanetwork.fr\/w\/\" rel=\"bookmark\">Lire la suite &raquo;<span class=\"screen-reader-text\">Mistanetwork<\/span><\/a><\/p>\n","protected":false},"author":2,"featured_media":0,"parent":0,"menu_order":0,"comment_status":"closed","ping_status":"open","template":"","meta":{"neve_meta_sidebar":"","neve_meta_container":"","neve_meta_enable_content_width":"","neve_meta_content_width":0,"neve_meta_title_alignment":"","neve_meta_author_avatar":"","neve_post_elements_order":"","neve_meta_disable_header":"","neve_meta_disable_footer":"","neve_meta_disable_title":"","footnotes":""},"class_list":["post-17","page","type-page","status-publish","hentry"],"jetpack_sharing_enabled":true,"_links":{"self":[{"href":"https:\/\/mistanetwork.fr\/w\/wp-json\/wp\/v2\/pages\/17","targetHints":{"allow":["GET"]}}],"collection":[{"href":"https:\/\/mistanetwork.fr\/w\/wp-json\/wp\/v2\/pages"}],"about":[{"href":"https:\/\/mistanetwork.fr\/w\/wp-json\/wp\/v2\/types\/page"}],"author":[{"embeddable":true,"href":"https:\/\/mistanetwork.fr\/w\/wp-json\/wp\/v2\/users\/2"}],"replies":[{"embeddable":true,"href":"https:\/\/mistanetwork.fr\/w\/wp-json\/wp\/v2\/comments?post=17"}],"version-history":[{"count":9,"href":"https:\/\/mistanetwork.fr\/w\/wp-json\/wp\/v2\/pages\/17\/revisions"}],"predecessor-version":[{"id":49,"href":"https:\/\/mistanetwork.fr\/w\/wp-json\/wp\/v2\/pages\/17\/revisions\/49"}],"wp:attachment":[{"href":"https:\/\/mistanetwork.fr\/w\/wp-json\/wp\/v2\/media?parent=17"}],"curies":[{"name":"wp","href":"https:\/\/api.w.org\/{rel}","templated":true}]}}